 of p and 4.
2
Suppose 3*j - 3 = 3*s, 5*j - 6 = 2*s + 2*j. Let z be (-6 + 84)*1/s. Suppose -2*d - 195 = -7*d. Calculate the greatest common divisor of z and d.
13
Let p be 7 + (-19)/(2717/(-182)) - 6/22. Calculate the greatest common divisor of p and 129.
1
Suppose -w + 76*s = 74*s - 122, -w = -5*s - 125. Calculate the highest common divisor of 460 and w.
20
Let k be (-37120)/(-6)*(-66)/55*-1. Suppose -3301 - k = -11*u. What is the greatest common factor of 75 and u?
75
Let u = 235 - 233. Let n be u + 3 - ((4 - 0) + -143). What is the highest common divisor of 54 and n?
18
Let d(k) = 103*k**2 - 66*k + 164. Let a be d(-8). Calculate the greatest common factor of a and 12.
12
Suppose 2 = -51*d + 308. Calculate the highest common factor of d and 717.
3
Suppose -3*q - 2*r + 492 = q, 3*r = 2*q - 246. Let c = 183 - q. Suppose 13 = -2*u + 85. Calculate the greatest common factor of c and u.
12
Let a(h) = -2057*h - 283. Let u be a(-6). What is the greatest common factor of u and 124?
31
Let c(g) = 22*g - 128. Let i be c(9). Suppose 181*b - 188*b + i = 0. Calculate the highest common divisor of b and 410.
10
Let b be ((-1)/(-2) + -2)*(-249460)/15. Suppose b = 49*m - 13323. Calculate the highest common factor of 71 and m.
71
Let r(s) = 6*s + 8. Let c be r(-8). Let k be (-657)/(-12) - 5/c*2. What is the greatest common factor of k and 11?
11
Let v = 14402 + -14240. Let s = 310 - 174. Suppose h - v = -s. What is the highest common factor of h and 78?
26
Let s(b) = -b**2 - 12*b + 41. Let v be s(-16). Let q be (v - -31)/((-4)/(-10)). Calculate the highest common factor of 20 and q.
20
Suppose -2*o = -5*d - 182 - 108, -o + 154 = -4*d. What is the greatest common divisor of o and 6955?
65
Let k(r) = 95*r + 3803. Let w be k(-31). Calculate the highest common factor of 264 and w.
66
Let t be 11942/(-266) - (-8)/(-76). Let d be (54/t)/(2/(-510)). What is the highest common divisor of d and 34?
34
Let n(c) = 11*c - 59. Let i be (-225)/(-36) + 1/(-4). Let a be n(i). Suppose 11*g = a*g + 256. What is the greatest common divisor of g and 16?
16
Let d be 44*(-23)/3*-3 + -1. Suppose -1014*c = -d*c - 2013. What is the highest common factor of 11 and c?
11
Suppose 5*v = -2*x + 2, -v - x + 3 = 5. Suppose -v*u + 3*g = -428, -26 = 3*u + 4*g - 702. What is the greatest common divisor of 88 and u?
44
Let g = -334 - -389. Suppose -56*h + g*h = -39. Calculate the highest common divisor of 2 and h.
1
Let r(k) be the first derivative of k**4/4 + 5*k**3/3 + k**2 + 18*k + 9. Let u be r(-3). Calculate the greatest common factor of 165 and u.
15
Let g be 10138/2 - (51 - 54). Calculate the greatest common factor of 16 and g.
16
Suppose -5*p - 185 = -0*p + 5*i, 0 = -3*i + 12. Let g = 2 - 23. Let c = g - p. What is the highest common factor of c and 4?
4
Let c be (-12 - -629) + (-12)/(-24)*(7 - 1). What is the greatest common divisor of c and 60?
20
Suppose -r + n - 171 - 24 = 0, 0 = -5*r - 5*n - 1015. Let t = r + 206. Let y(m) = -m**2 - 4*m + 1. Let l be y(-4). What is the highest common factor of l and t?
1
Let q = 75 - -14. Let b be ((-5696)/48*1/(-2))/(66/99). What is the highest common factor of b and q?
89
Suppose 12*h + 10 = 17*h. Suppose 5*d - 23 = -f - h, 4*f - d = 0. Let s be f - (2 + -2) - -2. Calculate the greatest common divisor of 12 and s.
3
Let y = -7854 - -7914. What is the greatest common divisor of y and 2385?
15
Suppose 10 + 19 = d. Let r = -25 + d. Suppose -r*m = -2*m - 52. What is the greatest common factor of 39 and m?
13
Let y be 1041/9 - (-2)/6. Let s = -193401 - -193575. Calculate the highest common factor of s and y.
58
Let x be (-6)/8 + 1*(-535)/(-20). Let z = 37 + x. What is the greatest common factor of 18 and z?
9
Suppose -2912 = -11*j + 2280. Let k = j + -192. Calculate the highest common factor of 35 and k.
35
Let a(b) = 24*b**3 + b**2 - b + 4. Let g be a(2). Let u = -110 + g. Let p = u - 48. Calculate the greatest common divisor of 10 and p.
10
Suppose -3*m - 13 = -34. Let k be 4 + -1 + m + -2. Suppose -3*r + 30 = -6. Calculate the highest common factor of r and k.
4
Let j(h) = 2*h - 12. Let b(w) = -6*w - 3*w - w - 11 + 12*w. Let a(y) = -5*b(y) + 4*j(y). Let o be a(-2). Calculate the highest common divisor of o and 11.
11
Let l(j) = -2*j - 10. Suppose k + 142 = 4*a - k, 2*k + 2 = 0. Let s be a*((-28)/(-98) + 24/(-35)). Let q be l(s). What is the highest common factor of 24 and q?
6
Let j = 244 - 147. Suppose 14*b = j + 57. Calculate the highest common factor of 253 and b.
11
Suppose 0 = -12*v + 198 - 54. Suppose -4*f = -533 + 173. Suppose 2*u - 3*m = 7 + 80, -2*u + 2*m = -f. What is the greatest common divisor of u and v?
12
Suppose 0 = -12693*b + 12688*b + 3825. Calculate the highest common divisor of 204 and b.
51
Let h = -26 + 37. Let u = h + -4. Suppose -3*v = -5*m + 3, 2*v - 4 = -m + u. Calculate the highest common divisor of 3 and m.
3
Let i be ((-102)/8 - -3)/((-230)/40 - -5). What is the greatest common factor of i and 5317?
13
Suppose -61*i = 62*i - 120*i - 12. What is the highest common divisor of 277 and i?
1
Suppose 95*j - 2*z - 38 = 94*j, 6 = 2*z. Let q be ((-44)/16)/(1/(-28)). What is the highest common divisor of j and q?
11
Let a be -155*(-34 + 33)*(0 - 1). Let h = a + 219. What is the highest common factor of 40 and h?
8
Let t = -3 + 8. Suppose 143*n - 206*n = 199*n - 6550. What is the greatest common factor of n and t?
5
Let b = -8 - -3. Let s be 5/(-25) + (-46)/b. Let k be 5 - (-3)/(s/120). Calculate the highest common divisor of 5 and k.
5
Let b be (-14)/((-28)/110)*12/40*8. Suppose 4*c - 3*y = -0*c - 507, -2*c - 261 = y. Let t = c + b. What is the greatest common divisor of t and 1?
1
Let h(z) = 18*z + 1. Let i be h(3). Let c = -743 + 748. Calculate the highest common divisor of c and i.
5
Let s(u) = u**2 - 5*u + 8. Let z = -64 - -82. Suppose 2*x - z + 2 = 0. Let g be s(x). What is the greatest common factor of g and 8?
8
Suppose g - 4*g = -9. Suppose 0 = -z - 5*q + 25, -3*z + 3*q = -7*z + 100. Suppose -28*f + z*f + g = 0. Calculate the highest common divisor of f and 3.
1
Suppose -3*d + 5 = -p, -7 - 18 = -4*p - 3*d. Let a(h) = -4*h - 295. Let k be a(-74). Calculate the greatest common factor of k and p.
1
Let k(g) = -2*g - 38. Let j = -31 - -10. Let r be k(j). Suppose -11 - 21 = -x + 3*w, 4*x = -r*w + 64. Calculate the highest common factor of x and 30.
10
Suppose 4*f + 5*y + 0 = 18, 2*f - y = 2. Suppose 0*t + 590 = f*t. Let d = 60769 + -60651. Calculate the highest common factor of d and t.
59
Let n(z) = -4 - 15*z + 10*z + z. Let s = -75 + 65. Let l be n(s). What is the highest common factor of l and 4?
4
Let x(m) = -4*m + 24. Let d be x(6). Suppose 5*s + 25 = d, 2*w + 29 = w - 5*s. Let o be 1 + -1 + (-13)/(13/w). What is the greatest common divisor of o and 2?
2
Suppose 0 = 8*o - 43 + 11. Suppose 1056 = o*q + 2*q. Calculate the greatest common divisor of 48 and q.
16
Let n(v) = 14*v + 29. Let u be n(14). Let s = 242 - u. Let y be -1*2/4*-170. What is the greatest common divisor of y and s?
17
Let p(n) = 20*n + 1. Let x(d) = -5*d. Let o = 23 + -17. Let k(f) = o*p(f) + 26*x(f). Let l be k(-2). Calculate the greatest common divisor of l and 39.
13
Suppose -7*k - 451388 = -10*k - 46*k. What is the greatest common divisor of 98 and k?
98
Let h(q) = q**3 + 68*q**2 + 484*q + 321. Let y be h(-60). Calculate the greatest common factor of 7479 and y.
27
Let q be 1/2*(6 + -10). Let s be (1/q)/((-11)/264). Suppose 0 = -24*l + 26*l - 3*r - 37, 0 = l + 4*r - 24. What is the greatest common factor of s and l?
4
Let i(k) = 732*k**2 - 8*k - 29. Let f be i(5). Calculate the greatest common factor of f and 177.
177
Let p(r) = 1531*r**2 + 11*r + 10. Let j be p(-1). Suppose -9*t - t + j = 0. What is the highest common factor of 9 and t?
9
Suppose 4*z = -16*z + 3920. Let n = z + -191. What is the greatest common factor of n and 45?
5
Let m(z) = 36*z**2 - 38*z + 79. Let l be m(2). Let w = 153 - l. What is the greatest common divisor of 70 and w?
2
Suppose 7*z - 17 = 74. Let k(q) = q**3 - 11*q**2 - 19*q - 28. Let x be k(z). Calculate the highest common divisor of 441 and x.
63
Suppose 2*x - 59774 = -2*t, -3*x = 4*t - 6900 - 82759. Calculate the highest common factor of x and 123.
123
Let r = 148 + 41. What is the highest common factor of 198 and r